3
What is the millions digit of 2262393507?
2
What is the hundred millions digit of 3181543236?
1
What is the ten thousands digit of 377638082?
3
What is the ten thousands digit of 317522980?
2
What is the thousands digit of 41408596?
8
What is the ten thousands digit of 1226546579?
4
What is the hundred millions digit of 237154287?
2
What is the units digit of 924309697?
7
What is the hundreds digit of 139660939?
9
What is the tens digit of 1287243470?
7
What is the hundreds digit of 1437056107?
1
What is the tens digit of 126759826?
2
What is the tens digit of 92836805?
0
What is the hundred millions digit of 124823794?
1
What is the ten thousands digit of 432982154?
8
What is the hundred thousands digit of 293882745?
8
What is the hundred thousands digit of 138768217?
7
What is the tens digit of 18726551?
5
What is the tens digit of 260369591?
9
What is the ten millions digit of 2182948394?
8
What is the hundreds digit of 860181704?
7
What is the hundred thousands digit of 95181255?
1
What is the hundreds digit of 246575421?
4
What is the millions digit of 208398232?
8
What is the hundred thousands digit of 391209853?
2
What is the hundred thousands digit of 3216618533?
6
What is the units digit of 4027485855?
5
What is the units digit of 1663074922?
2
What is the hundred thousands digit of 5731045818?
0
What is the ten thousands digit of 76893904?
9
What is the ten millions digit of 530550142?
3
What is the thousands digit of 81532159?
2
What is the units digit of 434659796?
6
What is the hundred thousands digit of 67343663?
3
What is the hundreds digit of 8601107?
1
What is the billions digit of 1225761354?
1
What is the hundred thousands digit of 98862077?
8
What is the tens digit of 106739279?
7
What is the thousands digit of 781074866?
4
What is the ten thousands digit of 55600545?
0
What is the hundred millions digit of 2072316261?
0
What is the units digit of 6464560?
0
What is the millions digit of 6701750997?
1
What is the thousands digit of 4399345171?
5
What is the millions digit of 101683707?
1
What is the ten thousands digit of 45730486?
3
What is the hundred millions digit of 2293539239?
2
What is the thousands digit of 34876141?
6
What is the hundreds digit of 2262472304?
3
What is the hundreds digit of 29637676?
6
What is the hundred thousands digit of 1666728400?
7
What is the tens digit of 174852914?
1
What is the hundred thousands digit of 401775621?
7
What is the hundred thousands digit of 357569969?
5
What is the hundreds digit of 23708071?
0
What is the ten thousands digit of 210705908?
0
What is the billions digit of 1610550627?
1
What is the ten thousands digit of 4395761909?
6
What is the ten millions digit of 206682368?
0
What is the ten thousands digit of 5554676094?
7
What is the millions digit of 42688733?
2
What is the thousands digit of 131495061?
5
What is the units digit of 4634156236?
6
What is the thousands digit of 124252830?
2
What is the units digit of 514544429?
9
What is the billions digit of 1491942706?
1
What is the ten millions digit of 2107731802?
0
What is the thousands digit of 1466994996?
4
What is the hundred thousands digit of 396977048?
9
What is the ten thousands digit of 64256062?
5
What is the ten thousands digit of 2172897971?
9
What is the units digit of 66515515?
5
What is the billions digit of 2110795283?
2
What is the hundred thousands digit of 1853552842?
5
What is the thousands digit of 23510636?
0
What is the ten thousands digit of 1353863282?
6
What is the millions digit of 559020472?
9
What is the units digit of 104625516?
6
What is the billions digit of 2984037621?
2
What is the units digit of 100409495?
5
What is the hundreds digit of 149962769?
7
What is the thousands digit of 665132760?
2
What is the hundred thousands digit of 37790502?
7
What is the thousands digit of 16866601?
6
What is the hundred thousands digit of 1397702386?
7
What is the ten thousands digit of 25563369?
6
What is the units digit of 559618445?
5
What is the ten millions digit of 33671610?
3
What is the units digit of 61856171?
1
What is the ten thousands digit of 50426131?
2
What is the ten thousands digit of 1121702926?
0
What is the tens digit of 97989529?
2
What is the units digit of 558358396?
6
What is the hundreds digit of 632045514?
5
What is the millions digit of 5223812499?
3
What is the tens digit of 129792447?
4
What is the ten thousands digit of 1301792237?
9
What is the tens digit of 21575198?
9
What is the ten millions digit of 888540542?
8
What is the millions digit of 1571758275?
1
What is the ten millions digit of 26764812?
2
What is the units digit of 14911697?
7
What is the thousands digit of 98948626?
8
What is the hundred millions digit of 2594163901?
5
What is the ten thousands digit of 41235271?
3
What is the hundreds digit of 63604505?
5
What is the thousands digit of 5771047860?
7
What is the millions digit of 4381231?
4
What is the hundreds digit of 225513545?
5
What is the ten thousands digit of 137612619?
1
What is the ten thousands digit of 292973119?
7
What is the hundred millions digit of 1284602469?
2
What is the ten thousands digit of 47417712?
1
What is the ten thousands digit of 36452423?
5
What is the tens digit of 331664886?
8
What is the tens digit of 24235886?
8
What is the thousands digit of 47416244?
6
What is the thousands digit of 2365109758?
9
What is the ten thousands digit of 4852440801?
4
What is the thousands digit of 374380062?
0
What is the ten millions digit of 44120598?
4
What is the thousands digit of 542803370?
3
What is the hundreds digit of 43813433?
4
What is the ten millions digit of 334638815?
3
What is the units digit of 51270434?
4
What is the units digit of 53940377?
7
What is the ten millions digit of 5757228014?
5
What is the hundreds digit of 446261399?
3
What is the hundreds digit of 38980331?
3
What is the millions digit of 9228846?
9
What is the hundreds digit of 7582553?
5
What is the millions digit of 2565605058?
5
What is the ten millions digit of 733737954?
3
What is the millions digit of 1950628654?
0
What is the ten thousands digit of 55505375?
0
What is the thousands digit of 93144585?
4
What is the hundred thousands digit of 1531491875?
4
What is the hundreds digit of 2085448542?
5
What is the millions digit of 37109546?
7
What is the ten millions digit of 3506617448?
0
What is the thousands digit of 240582786?
2
What is the hundreds digit of 133844993?
9
What is the billions digit of 2725240169?
2
What is the ten thousands digit of 802527148?
2
What is the thousands digit of 97723127?
3
What is the millions digit of 1016153624?
6
What is the tens digit of 265247685?
8
What is the hundreds digit of 901234159?
1
What is the ten millions digit of 201819789?
0
What is the tens digit of 253913175?
7
What is the thousands digit of 402213093?
3
What is the thousands digit of 7083318?
3
What is the units digit of 550502700?
0
What is the units digit of 98909024?
4
What is the thousands digit of 342911643?
1
What is the ten millions digit of 77428240?
7
What is the units digit of 99950834?
4
What is the units digit of 931713746?
6
What is the hundred thousands digit of 50947645?
9
What is the ten millions digit of 2689579551?
8
What is the hundred thousands digit of 36328117?
3
What is the thousands digit of 1980091184?
1
What is the units digit of 6207935007?
7
What is the hundreds digit of 22814436?
4
What is the thousands digit of 896904271?
4
What is the hundreds digit of 34506472?
4
What is the ten millions digit of 152117304?
5
What is the ten millions digit of 913404283?
1
What is the hundred thousands digit of 62311645?
3
What is the thousands digit of 477992386?
2
What is the ten millions digit of 929515428?
2
What is the ten thousands digit of 786396236?
9
What is the tens digit of 15235647?
4
What is the ten thousands digit of 208542857?
4
What is the ten thousands digit of 4169465274?
6
What is the millions digit of 199765893?
9
What is the ten millions digit of 792668514?
9
What is the ten thousands digit of 1759643985?
4
What is the hundreds digit of 21764054?
0
What is the thousands digit of 314162344?
2
What is the tens digit of 197144526?
2
What is the units digit of 421222412?
2
What is the millions digit of 8076